)?
-40
Suppose 3*j + 2*n = -214, 0*j + 4*j + 3*n = -287. Let x be 12/(-4)*(5 + j/12). Let r(b) be the first derivative of b**2/2 + 2*b - 1. Calculate r(x).
4
Let o(p) = 2*p**2 - 11*p - 9. Let d = -21317 + 21323. Determine o(d).
-3
Suppose 10 = 3*i - 23. Suppose 10 = -i*n + 109. Let p(v) = -4*v + 12*v - 10*v**2 + v + v**3 + 4. Calculate p(n).
4
Let d(z) = 93 + 49 - 45*z - 29 - 21*z + 6*z. Calculate d(2).
-7
Let p(o) = 13 - 21*o - 33*o + 49*o. What is p(7)?
-22
Suppose 0*l - 5*l = -p - 7, 5*p + 5*l + 125 = 0. Let g = p + 32. Let w(t) = 2*t - 11. What is w(g)?
9
Let w(j) be the second derivative of -j**5/20 + 3*j**4/4 + 11*j**3/6 - 5*j**2 + 4797*j. Calculate w(11).
-131
Let d(s) be the first derivative of 5*s**3/3 + 4*s**2 - 12*s - 2919. What is d(-3)?
9
Let o(z) = -5*z + 24. Let t(k) = 7*k - 33. Let h(r) = -3*o(r) - 2*t(r). Determine h(-2).
-8
Let p(d) = 8*d**3 + 17*d**2 + 76*d + 231. Let v(r) = -3*r**3 - 7*r**2 - 26*r - 77. Let u(c) = -4*p(c) - 11*v(c). Give u(-10).
3
Let a(w) be the first derivative of 9*w**2/2 - 14*w - 4214. Determine a(1).
-5
Let f(j) be the third derivative of j**4/6 - 2*j**3/3 - j**2. Suppose -5*t + 50323 = 2*a + 50354, -2*t = 3*a + 30. Calculate f(t).
-16
Let z(u) = -1706041*u + 0 + 11 + u**2 + 1706046*u. Give z(5).
61
Let d(w) = 5*w + 70. Let a be d(-10). Let f(t) = 7*t - 30 + 67 + t**2 - a - 28. What is f(-9)?
7
Let w(i) = i - 6. Let x(b) = -104*b - 9061. Let r be x(-87). Calculate w(r).
-19
Let n be 56/(-364) - (-75)/234. Let j(d) be the second derivative of -2*d**2 + 23*d + 0 + n*d**4 + 0*d**3. Determine j(3).
14
Let w(x) = 36*x + 65. Let h be w(-5). Let j = h + 117. Let l(i) = -3*i + 3. Determine l(j).
-3
Let q(i) be the first derivative of 5*i**3/3 - 15*i**2/2 - 4*i - 4725. Give q(6).
86
Let i(h) be the second derivative of -h**5/10 - h**4/6 - h**3/6 + h**2 - 744*h. Suppose 5*j = 2*w + 19, 3*j - 29 + 12 = 4*w. Calculate i(w).
12
Let p(r) = 2*r**2 + 22*r - 12. Let c be p(-13). Let k = 45 - c. Let f(v) be the third derivative of -v**5/60 + 7*v**4/24 - v**3 - 2*v**2. Give f(k).
4
Let l(r) = 46*r + 962. Let g be l(-21). Let z(d) = -2*d - 1. Let c(o) = -3*o - 2. Let k(y) = 2*c(y) - 2*z(y). Determine k(g).
6
Let x(p) = 7*p - 25. Let k(r) = 67*r - 933. Let m be k(14). Give x(m).
10
Let k(t) = 0*t**2 - 2*t**2 + 60*t + 3929 - 2*t**3 - 3921 + 28*t**2. Calculate k(15).
8
Let d(p) = -19*p + p**3 - 8 + 31*p + 2*p**2 + 2 - 17*p. What is d(-4)?
-18
Let o(h) = h**3 + 11*h**2 + 36*h + 27. Let p(v) = v**2 + 42*v + 426. Let l be p(-24). Determine o(l).
-9
Let z(l) = 5*l. Let x(j) be the third derivative of j**4/8 + 7*j**3/3 + 2*j**2 - 52. Let d be x(-6). Give z(d).
-20
Let p(w) = 3*w**2 - 11*w + 2. Suppose -11*g + 28 = -10*g + 4*n, 5*n - 42 = -3*g. What is p(g)?
6
Let q(x) = -11*x**2 + 94*x + 23. Let o(v) = -5*v**2 + 43*v + 11. Let a(n) = 9*o(n) - 4*q(n). What is a(0)?
7
Let o(r) be the second derivative of -83*r**4/12 + r**3/6 - r**2/2 - r - 1003. What is o(-1)?
-85
Let w be (-53)/(4293/54) + 2*(-7)/(-3). Let u(x) = x**2 - x - 4. Let l be u(3). Let c(a) = a**2 + 4 - 1 + 0*a**l - a. Give c(w).
15
Let k = 78 + -74. Suppose 5*i = -2*v - 2 - 11, 16 = -k*i - 3*v. Let x(g) = -17*g**3 - 2*g - 1. Give x(i).
18
Let n(u) = u**3 - 7*u**2 - 7*u - 5. Let o be n(8). Let a be o/(-6)*(-37 + 19). Let s(l) = 2*l - 13. Calculate s(a).
5
Let m(p) be the second derivative of p**4/12 - 4*p**3/3 + 17*p**2/2 + 3*p - 71. Determine m(7).
10
Suppose -210 = -7*z - 98. Let l be (-2)/z + (-155)/40. Let w(y) = -3*y - 6. Calculate w(l).
6
Let r(d) be the first derivative of -8*d**3 + 123*d**2/2 - 10*d - 391. Give r(5).
5
Let w(u) = 48*u**2 - 51 - 5*u - 67*u**2 + 634*u**3 - 12*u - 633*u**3. Calculate w(20).
9
Let v(d) = 19*d**2 + 20*d - 4. Let j(p) = 11*p**2 + 11*p - 2. Let c(x) = 7*j(x) - 4*v(x). Calculate c(2).
0
Let f be 0/(-16) + -1 + 36/6. Suppose 0 = 3*y - w - 16, -2*y - 3*y = -5*w - 40. Let k(s) = 5 - s**2 + y*s - f*s - 9. Calculate k(0).
-4
Let f(m) = -10*m**2 + 12*m + 2. Let b(l) = 18*l**2 - 23*l - 5. Let j(h) = 4*b(h) + 7*f(h). Calculate j(5).
4
Let t(s) be the second derivative of -7*s**4/12 + s**3/3 - 11*s**2/2 + 12672*s. What is t(-4)?
-131
Let j(v) = -v - 8. Let c(f) = f - 1. Let n(x) = 3*c(x) - j(x). Let m(a) = -3*a - 65. Let o be m(-10). Let q = 31 + o. Determine n(q).
-11
Let y(i) be the third derivative of 1/30*i**5 + 1/24*i**4 - 3*i**2 - 1/120*i**6 + 0*i - 2/3*i**3 + 13. Give y(2).
-2
Let w(j) be the third derivative of j**5/60 - 7*j**4/24 + 2*j**3/3 - 22*j**2 + j. Suppose -5*m + 43 + 4 = -4*t, -2*t = -5*m + 41. What is w(m)?
4
Let s(n) = 149*n**2 + 148*n**2 - 2*n - 301*n**2 - n**3 - 3 + 3*n**3 - n**3. What is s(5)?
12
Let g(m) = -m**2 + 7*m + 3. Let p(z) = z**3 - 7*z**2 + 8*z + 11. Let b be p(5). Suppose 2*o + 2*i = 20, 2*i = -b + 7. What is g(o)?
3
Let r(m) = 2*m**3 - 2*m**2 + 6. Let d(g) = -3*g**3 + 3*g**2 - g - 11. Let f(x) = 3*d(x) + 5*r(x). Suppose 158291*c - 158289*c = -6. What is f(c)?
-30
Let j be (-1)/(-2) + 207/(-6). Let k = j + 28. Let m be (24/(-18))/((-4)/k). Let f(n) = -2*n**2 + 3*n + 3. Calculate f(m).
-11
Let p(f) be the third derivative of -f**7/5040 + f**6/144 + 7*f**5/60 - f**4/12 - 4*f**2 - 4. Let m(l) be the third derivative of p(l). Give m(-4).
9
Let s(i) = -119*i + 124. Let y = -11221 + 11222. What is s(y)?
5
Let r(j) = -5*j - 1. Let a(n) = 3*n**3 + 5*n**2 - 12*n - 26. Let t be a(-5). Let z = -217 - t. Give r(z).
4
Let x(n) be the first derivative of -n**2 + 26*n + 445. Determine x(9).
8
Let g(p) = -p**3 - 28*p**2 - 3*p - 89. Let i = -2901 - -2873. Give g(i).
-5
Suppose -p = -2*a + 10, 5*a = -3*p + 41 - 71. Let m(t) = -t**3 - 12*t**2 - 19*t + 6. Determine m(p).
-4
Suppose -28 = -5*y - 2*u, -2*y + 1 - 5 = -3*u. Suppose -5*b = -3*b - 18. Let i(m) = b - 4*m - 6 + m + 0*m. What is i(y)?
-9
Suppose 50*k - 57*k = -3*p + 17, 4*p + 2*k = -68. Let b(s) = 25*s + 323. Calculate b(p).
-2
Let v be 1/(-10)*-70 + -9 + -2. Let j(z) = 5*z**3 + 8*z**2 - 2*z + 8. What is j(v)?
-176
Let h(a) be the first derivative of a**4/4 + 4*a**3/3 - 17*a**2/2 - 28*a - 10622. Give h(-6).
2
Let f(h) be the second derivative of -8*h**3 + 3*h**2/2 + 201*h. What is f(1)?
-45
Let d(g) = -g**2 + g. Let j(v) = -v**3 + v**2 + 3. Let w(a) = -4*d(a) + j(a). Suppose 0 = 116*n - 122*n + 24. Give w(n).
3
Let c(u) = -5*u**2 - 158*u - 825. Let z be c(-25). Let t(n) = 6*n - 116. What is t(z)?
-116
Let h(b) = -16*b. Let v(k) = -k**3 - 3*k**2 + 2. Let q be v(-3). Suppose 0 = 6*s + q + 4. What is h(s)?
16
Let o(l) = 2*l**2 - 2*l - 5. Let c(w) = 5*w**2 - 6*w - 12. Let d(m) = c(m) - 3*o(m). Suppose 4*z = a + 15, -3*a + 2*a = 3. Calculate d(z).
-6
Let v(a) = 13*a + 64. Let u be -1*(136/(-238) - (-13)/(-7)*-3). Calculate v(u).
-1
Suppose -683*l + 12 = -677*l. Suppose -4*x - 8 + 22 = l*q, 10 = 5*x + 4*q. Let t(y) = y**2 - 11*y - 3. Determine t(x).
-33
Suppose 3*p + x + 10 = 0, x = 5*p - 7 + 13. Let o(r) = -88*r + 1. Give o(p).
177
Suppose -5*r - 4*m - 43 = 0, 0 = 2*r - 3*r - 2*m - 5. Let p(c) = c**2 + 13*c + 13. Let x be p(r). Let v(s) = -2*s - 11. Calculate v(x).
7
Suppose -4*f + 30 = 2*w, -3*f + 2*w + 15 = -18. Suppose 0 = 4*s + 5*l - 35, -3*s + l + l = -f. Let p(h) = h**3 - 5*h**2 - 5*h + 5. Calculate p(s).
-20
Let b(y) be the first derivative of 1/2*y**2 - y**3 - 120 + 2*y. What is b(-1)?
-2
Let l(d) be the second derivative of -d**5/20 - d**4/2 + d**3 - 9*d**2/2 + 3*d. Suppose -4*n = -2*y - 2, -4*y + 4*n - 547 = -531. Give l(y).
-2
Let z(n) = -n**2 + 2*n + 7. Suppose 4*q - 1 = -3*u, 2*q + 4*u + 3 = 1. Let a(y) = -2*y + 1. Let f(x) = q*z(x) + a(x). Give f(4).
-8
Let s(z) = -84 + z**2 - 34 + 11 + 4 - 15*z. What is s(20)?
-3
Let g = 416 + -461. Let d be 2*-2*102/8. Let c = d - g. Let l(u) = -u**2 - 3*u + 6. What is l(c)?
-12
Suppose 6*z - 35 + 11 = 0. Let k(o) = 38*o - 37*o - z - 3*o**2 + o**3 + 3*o**2. Let m(f) = f**2 - 6*f. Let b be m(6). Determine k(b).
-4
Let g(u) = 12*u - 7. Let y(b) = -18*b + 11. Suppose -5*s + 85 = -50. Suppose -9*o + s = -45. Let l(t) = o*g(t) + 5*y(t). Give l(2).
11
Let o(j) = -j**2 - 3*j + 3. Let k be (-31)/31*(0 + 1). Let r be 12/24*(k - (0 - -7)). Determine o(r).
-1
Let d = -1933 - -1935. Let h(v) = -19*v**2 - 3*v + 1. What is h(d)?
-81
Let p be 6/(-26) - (-13)/507*-693. Let r(d) = -6*d - 113. Calculate r(p).
-5
Let f(l) be the first derivative